5, 37
Suppose 5*c + 25 = 0, -49*u + 52*u + 5*c - 2021 = 0. What are the prime factors of u?
2, 11, 31
Let l(a) = a**2 + 8*a - 16. Let c be l(-10). Let r = 138 + c. Suppose 2*m + m - 99 = 4*w, 5*m = -w + r. List the prime factors of m.
29
Let r(s) = -20*s**3 + 4*s**2 - 2*s - 10. Let x be r(-3). Suppose 224 = -j + x. Suppose -5*n + 202 = -j. List the prime factors of n.
2, 5, 11
Let t be -1 - -1 - (2 + -5 + 1). Suppose 5*w + c - t*c - 789 = 0, -4*w = 5*c - 608. What are the prime factors of w?
157
Suppose 5*y = -0*y - f - 1, -3*f = 3*y + 3. Let k be (y + 9/(-2))*-22. What are the prime factors of (k/6)/(6/4 - 1)?
3, 11
Let x = 437 - 443. What are the prime factors of 16/(-12) + (-1886)/x?
313
Let p = 89509 + -45794. What are the prime factors of p?
5, 7, 1249
Suppose 2 = 2*j + 12. What are the prime factors of 14 - j/(25/(-10))?
2, 3
Let p(v) = -4*v**2 + 498*v - 554. List the prime factors of p(91).
2, 3, 5, 97
Suppose 827*w + 4*q = 829*w - 28204, 0 = 4*w - q - 56422. What are the prime factors of w?
2, 3, 2351
Suppose -6*r + 17 = -7*r. What are the prime factors of (6/(-4) - (-19 - r))*794?
397
Suppose -43*u - 31*u + 243504 = -2*u. What are the prime factors of u?
2, 19, 89
Let u(g) = 2105*g + 609. List the prime factors of u(7).
2, 7, 137
Let g(h) = 141*h + 1922. List the prime factors of g(86).
2, 439
Let r = 73571 - 38822. List the prime factors of r.
3, 11, 13
Suppose 37*w + 1136925 = -4*w + 86*w. List the prime factors of w.
5, 31, 163
Let l be 281 + 4/(-8 - -4). Suppose -z + 8*z = -l. Let p = z - -132. What are the prime factors of p?
2, 23
Let m(l) = 13*l**2 - 19*l - 16. Suppose -5*w - 2*z - 16 = 17, 2*z = 4*w + 30. What are the prime factors of m(w)?
2, 13, 29
Let m = -405 - -440. Suppose -r - 2*h + 699 = -m, -4*r + 5*h = -3001. List the prime factors of r.
2, 3, 31
Suppose -27872 - 3328 = -20*i. What are the prime factors of i?
2, 3, 5, 13
Let o(l) be the third derivative of -l**6/60 + l**5/60 - 5*l**4/24 - l**3/2 + 2*l**2 - 28*l. List the prime factors of o(-5).
3, 11
Let n(k) = -4*k + 69. Let s be n(20). Let t(c) = -3*c**2 - 9*c - 26. Let y be t(s). Let p = -93 - y. What are the prime factors of p?
197
Suppose 3*u - 4437 = -2*a + 11282, 0 = 3*a - 3*u - 23586. List the prime factors of a.
7, 1123
Let b(h) = 7*h - 16. Let g(r) = -1. Let o(t) = b(t) - 5*g(t). Let q be o(2). Suppose p - 4*c - 90 = 0, -q*p - 3*c + 305 = 95. What are the prime factors of p?
2, 37
Suppose 4*o = -5*z + 165838, -2*z + 27189 + 39119 = 5*o. List the prime factors of z.
2, 3, 19, 97
Let g(v) = -19 - 1 - v - 26*v - v**3 - 22*v**2. Let f be g(-21). Let z = f + -15. What are the prime factors of z?
7, 13
Let c = 3963 - -3843. What are the prime factors of c?
2, 3, 1301
Suppose 5 = -x - 0, 2*g = 4*x + 34. Suppose -a - g*a = -2752. List the prime factors of a.
2, 43
Suppose 5*s + 34 = 149. Let v(c) = -6 + s*c - 10 + 3. List the prime factors of v(6).
5
Let f(z) = -22748*z - 309. What are the prime factors of f(-1)?
19, 1181
Let f(s) = 59 + 58 + 72 + 28*s - 72*s - 76. List the prime factors of f(-17).
3, 7, 41
Suppose 3*c + 5 = 4*x - 0*c, 0 = -3*x + c. List the prime factors of -16 - -14 - -329*(-2)/x.
2, 41
Let g(x) be the third derivative of -11*x**4/8 - 5*x**3 + 66*x**2. List the prime factors of g(-11).
3, 37
Let s(i) = 1105*i - 706. What are the prime factors of s(5)?
61, 79
Let i(l) = l - 8. Let s be i(8). Let f be (-52)/(-16) - (-1)/(-4). List the prime factors of -64*(f + -4) + s.
2
Let m(z) = -3*z**2 + 10*z - 3. Let q = 37 + -28. Let l be m(q). List the prime factors of 1 + l/(-4) + -2.
2, 19
Let k(h) = -h**3 + 37*h**2 - 41*h + 19. Let v(j) = -j**3 + 36*j**2 - 42*j + 20. Let d(m) = 3*k(m) - 4*v(m). What are the prime factors of d(32)?
3, 131
Let t be (-5 + 3)*(-1 + (-1035)/6). Suppose -k + 61 = -4*i + t, 5*i - k = 357. Suppose -41 = -72*h + i*h. What are the prime factors of h?
41
Let d be 18/2 - (0 + -2). Let i(x) = -2*x + 1. Let p(w) = w**2 - 12*w - 16. Let k(h) = -2*i(h) - p(h). List the prime factors of k(d).
3, 23
Let m = -1332 - -2662. Suppose 0 = 17*c - 8700 - m. What are the prime factors of c?
2, 5, 59
Let n be ((-5)/((-20)/(-6)))/((-9)/17208). Suppose -97*o + 101*o - n = 0. What are the prime factors of o?
3, 239
Let o be (-18)/(-8)*(-4)/6*2. Let r be (-111)/2*(1 + o). Let y = r - 47. What are the prime factors of y?
2
Let q = -181 - -225. Suppose q*y = 3*y + 53587. What are the prime factors of y?
1307
Suppose -v - 10 = 4*s, 4*s + 0*s = -3*v + 2. Suppose v*i = 3*i - 15. Let u = 18 + i. List the prime factors of u.
13
Suppose -13*i - 71*i - 20*i + 210496 = 0. List the prime factors of i.
2, 11, 23
Let n be 0/(((-1)/1)/1). Suppose y + 525 - 634 = 0. Suppose 0 = 3*q - r - 77 - 21, -4*q - 3*r + y = n. What are the prime factors of q?
31
Suppose -244*o + 4*o = 21*o - 6535962. List the prime factors of o.
2, 19, 659
Let t(v) be the second derivative of v**4/4 - v**3 + 7*v**2/2 + 80*v + 2. What are the prime factors of t(-11)?
2, 109
Suppose 21*d - 237 - 1275 = 0. Let j = 309 - d. List the prime factors of j.
3, 79
What are the prime factors of 151 + -146 + (-2 + 91584)*(-2)/(-4)?
2, 107
Let x(j) = j**3 + 11*j**2 + 7*j - 29. Let a be x(-10). What are the prime factors of -5 - (a - 29)/((-42)/(-273))?
3, 59
Let p(l) = -192*l**3 + 7*l**2 + 36*l + 105. List the prime factors of p(-4).
47, 263
Let v = 2188 + 6170. Suppose -19*h + 26*h = v. List the prime factors of h.
2, 3, 199
Suppose 3*j - 5*t - 45008 = 14236, -5*t - 39491 = -2*j. What are the prime factors of j?
19753
Suppose 4*a + 5*g - 18 + 30 = 0, 0 = -5*a - 5*g - 10. What are the prime factors of 936/108*(a - -1)?
2, 13
Let i = 48385 + -23098. What are the prime factors of i?
3, 8429
Let s(d) = -40 + 19 - 47*d - 7*d**2 + 6*d**2 - 25 - 21. List the prime factors of s(-26).
479
Suppose -3*p + 6545 = -4*a - 9093, -20895 = -4*p - a. List the prime factors of p.
2, 7, 373
Suppose -6*p = 74*p - 3200. Let h = 4 + -6. What are the prime factors of 1140/p - h/(-4)?
2, 7
Let t = -1383 - -678. List the prime factors of t*-2*7/35.
2, 3, 47
Suppose 941 = 4*o - 719. Suppose 2*b = 7*b - o. Let g = b + -7. List the prime factors of g.
2, 19
Let x(v) = -15*v - 15. Let h(d) = -d**2 - 8*d - 19. Let c be h(-6). Let p be x(c). Let m = p + -55. List the prime factors of m.
5, 7
Let d be -7*24532/(-140) - 2/(-5). Let p = 1725 - d. List the prime factors of p.
2, 3, 83
Let v = 12924 - 7543. Suppose -4*i = r - v, 5351 = 4*i - 0*r - 5*r. What are the prime factors of i?
2, 3, 7
Let z(v) = v**2 - 14*v + 40. Let d be z(9). List the prime factors of (-6963)/(-5) - (-3 - 18/d).
2, 3, 29
Let y(f) = -f**2 + 5 - 3 + 9*f - 3 - 5*f. Let g be y(3). Suppose -550 = -g*u + 5*v, u - 5*v = 4*u - 800. What are the prime factors of u?
2, 3, 5
Let f(j) = -j**3 + 4*j**2 + 4*j - 6. Let z be f(4). Suppose -14*s = -9*s - z. List the prime factors of -2*(3 + 0 - s - 35).
2, 17
Let m = 79907 - 40941. What are the prime factors of m?
2, 19483
Let h(j) = -7*j**3 + 4*j**2 + 8*j + 10. Let s be h(-4). Let f be 2 + -6*(-6)/9. Suppose -g = -f*g + s. What are the prime factors of g?
2, 7
Let p(s) = -168*s - 15. Let q(v) = 84*v + 7. Let c(z) = -4*p(z) - 9*q(z). What are the prime factors of c(-2)?
3, 5, 11
Let i(b) = 11*b**2 - 156*b - 902. List the prime factors of i(-38).
2, 3, 5, 17, 41
Suppose -5*k + 6*k + 4*i = 10530, i = -4*k + 42105. What are the prime factors of k?
2, 19, 277
Let j(c) = -3*c**2 - 6*c + 7. Let v be j(-7). Suppose 25 = 27*z - 2*z. List the prime factors of ((-6)/4)/(z*21/v).
7
Suppose -4*b + 4*o - 18 = 142, b + 19 = 4*o. Suppose 5*s - 3*s - 368 = z, 2*s = 2*z + 366. Let v = b + s. List the prime factors of v.
2, 3, 23
Let z(h) = h**3 + 22*h**2 - 23*h + 16. Suppose -5*o - 92 = -o. Let s be z(o). Suppose s - 1636 = -12*g. What are the prime factors of g?
3, 5
Suppose -3*k - 9*g = -7*g - 33572, -44732 = -4*k + 5*g. List the prime factors of k.
2, 2797
Let m(t) = -13518*t - 155. List the prime factors of m(-4).
53917
Suppose 495 = -k + 498. Suppose 2*q - k*u - 727 = 583, -642 = -q - 5*u. What are the prime factors of q?
2, 163
Suppose 0 = -3*o + 5*o. Suppose 64*z = -19*z + 591 - 176. Suppose o = -z*n + 90 + 35. What are the prime factors of n?
5
Let g = 29092 + -9947. List the prime factors of g.
5, 7, 547
Let d(p) be the third derivativ